tiple of 92?
True
Is 65 a multiple of 3?
False
Does 116 divide 14138?
False
Is 44 a factor of 1496?
True
Is 19 a factor of 74537?
True
Is 18 a factor of 3078?
True
Is 7 a factor of 2194?
False
Is 8 a factor of 2316?
False
Is 7 a factor of 2724?
False
Is 140 a factor of 50120?
True
Is 80 a factor of 880?
True
Is 123 even?
False
Does 78 divide 135799?
False
Is 83 a factor of 747?
True
Is 3 a factor of 11644?
False
Is 42 a factor of 1162?
False
Does 16 divide 363?
False
Is 272 a multiple of 20?
False
Is 757 a multiple of 7?
False
Is 8 a factor of 3224?
True
Is 467 a multiple of 31?
False
Does 5 divide 2321?
False
Is 7008 a multiple of 18?
False
Is 105 a factor of 13785?
False
Is 2492 a multiple of 89?
True
Is 30 a factor of 111617?
False
Is 70 a multiple of 15?
False
Is 489 a multiple of 13?
False
Is 95718 a multiple of 10?
False
Is 37 a factor of 2146?
True
Is 14 a factor of 490?
True
Does 43 divide 1032?
True
Is 48 a factor of 3360?
True
Does 7 divide 2719?
False
Is 18 a factor of 2610?
True
Is 496 a multiple of 31?
True
Is 222 a multiple of 42?
False
Does 17 divide 935?
True
Is 1661 a multiple of 14?
False
Is 2285 a multiple of 35?
False
Does 20 divide 3097?
False
Is 1403 a multiple of 23?
True
Is 83 a factor of 498?
True
Does 27 divide 5746?
False
Is 5448 a multiple of 8?
True
Is 154 a factor of 64920?
False
Is 19629 a multiple of 109?
False
Is 8326 a multiple of 181?
True
Does 59 divide 66?
False
Is 6 a factor of 456?
True
Is 5 a factor of 406?
False
Is 54876 a multiple of 17?
True
Is 10 a factor of 1430?
True
Is 8565 a multiple of 13?
False
Is 15 a factor of 770?
False
Does 67 divide 2515?
False
Is 23573 a multiple of 31?
False
Is 28941 a multiple of 15?
False
Is 6 a factor of 701?
False
Does 31 divide 3681?
False
Does 97 divide 291?
True
Does 190 divide 17087?
False
Is 1009 a multiple of 5?
False
Is 33 a factor of 9900?
True
Is 13 a factor of 55120?
True
Is 27 a factor of 18846?
True
Does 41 divide 4911?
False
Does 29 divide 11455?
True
Does 140 divide 9240?
True
Is 1196 a multiple of 12?
False
Does 92 divide 1073?
False
Is 1372 a multiple of 10?
False
Does 7 divide 448?
True
Does 65 divide 4810?
True
Does 27 divide 1863?
True
Does 11 divide 88?
True
Is 320 a multiple of 20?
True
Is 48 a factor of 144?
True
Is 6 a factor of 1174?
False
Does 69 divide 30843?
True
Is 19 a factor of 19988?
True
Is 23408 a multiple of 56?
True
Is 107 a factor of 3210?
True
Does 95 divide 3900?
False
Does 66 divide 569?
False
Does 15 divide 8929?
False
Does 14 divide 83?
False
Is 29 a factor of 1779?
False
Does 14 divide 62678?
True
Is 57393 a multiple of 31?
False
Is 4029 a multiple of 5?
False
Does 4 divide 1145?
False
Is 123 a factor of 5412?
True
Is 13720 a multiple of 9?
False
Is 39 a factor of 742?
False
Is 37 a factor of 37?
True
Is 1408 a multiple of 22?
True
Is 20556 a multiple of 18?
True
Is 798 a multiple of 21?
True
Is 203 a multiple of 14?
False
Does 14 divide 756?
True
Does 3 divide 24234?
True
Is 700 a multiple of 7?
True
Is 29997 a multiple of 38?
False
Does 45 divide 283?
False
Is 204 a multiple of 5?
False
Does 43 divide 2987?
False
Is 3361 a multiple of 74?
False
Does 17 divide 8279?
True
Does 121 divide 8247?
False
Is 656 a multiple of 9?
False
Does 6 divide 2832?
True
Is 88 a multiple of 88?
True
Does 13 divide 1062?
False
Does 6 divide 164?
False
Does 6 divide 900?
True
Does 127 divide 1270?
True
Is 64 a factor of 6947?
False
Does 23 divide 2990?
True
Is 35 a factor of 70?
True
Is 11280 a multiple of 22?
False
Is 82 a factor of 7134?
True
Does 51 divide 1730?
False
Is 70 a factor of 2538?
False
Is 573 a multiple of 5?
False
Is 25032 a multiple of 21?
True
Is 21566 a multiple of 82?
True
Is 10153 a multiple of 13?
True
Is 130 a factor of 1463?
False
Is 9 a factor of 41814?
True
Is 11629 a multiple of 184?
False
Does 48 divide 21013?
False
Is 1022 a multiple of 7?
True
Is 81 a factor of 19593?
False
Is 47 a factor of 726?
False
Is 63 a factor of 1345?
False
Does 37 divide 3427?
False
Does 8 divide 11865?
False
Does 27 divide 862?
False
Does 118 divide 21122?
True
Is 28 a factor of 812?
True
Does 2 divide 5267?
False
Is 13 a factor of 3193?
False
Is 23 a factor of 23115?
True
Is 3255 a multiple of 5?
True
Is 37 a factor of 48?
False
Is 66 a factor of 43824?
True
Does 15 divide 7905?
True
Is 954 a multiple of 53?
True
Is 16138 a multiple of 13?
False
Is 12 a factor of 190?
False
Does 148 divide 55953?
False
Is 5 a factor of 15240?
True
Is 15 a factor of 2982?
False
Does 16 divide 10992?
True
Does 37 divide 19110?
False
Is 7503 a multiple of 41?
True
Is 2009 a multiple of 11?
False
Is 64 a factor of 8064?
True
Is 16826 a multiple of 95?
False
Does 16 divide 1328?
True
Is 55 a multiple of 9?
False
Is 18 a factor of 648?
True
Does 32 divide 11884?
False
Does 25 divide 8325?
True
Does 200 divide 7551?
False
Does 65 divide 4485?
True
Does 3 divide 878?
False
Is 977 a multiple of 49?
False
Is 60233 a multiple of 168?
False
Does 16 divide 98844?
False
Is 11 a factor of 1528?
False
Is 14 a factor of 6067?
False
Is 5 a factor of 73?
False
Does 32 divide 1069?
False
Is 127 a factor of 25908?
True
Is 7 a factor of 301?
True
Does 91 divide 4720?
False
Is 30 a factor of 1260?
True
Is 12 a factor of 3720?
True
Is 795 a multiple of 15?
True
Does 25 divide 3000?
True
Does 176 divide 8448?
True
Is 588 a multiple of 48?
False
Does 16 divide 11280?
True
Does 54 divide 1975?
False
Is 8 a factor of 372?
False
Is 8161 a multiple of 22?
False
Is 5399 a multiple of 68?
False
Does 9 divide 2613?
False
Is 37 a factor of 13299?
False
Does 17 divide 111?
False
Is 2483 a multiple of 20?
False
Is 470 a multiple of 9?
False
Does 17 divide 2924?
True
Is 60 a factor of 1200?
True
Is 9424 a multiple of 29?
False
Is 441 a multiple of 7?
True
Does 7 divide 147?
True
Is 11868 a multiple of 172?
True
Is 1464 a multiple of 8?
True
Is 1613 a multiple of 19?
False
Is 77 a factor of 1371?
False
Does 34 divide 456?
False
Does 2 divide 135?
False
Is 16807 a multiple of 49?
True
Is 1241 a multiple of 73?
True
Is 20 a factor of 59580?
True
Does 10 divide 5910?
True
Is 3224 a multiple of 23?
False
Is 11 a factor of 301?
False
Is 2220 a multiple of 24?
False
Is 38999 a multiple of 45?
False
Is 211 a factor of 8058?
False
Is 11 a factor of 1078?
True
Is 45100 a multiple of 44?
True
Is 44649 a multiple of 123?
True
Is 6 a factor of 46?
False
Is 86 a factor of 35108?
False
Does 29 divide 497?
False
Does 9 divide 2031?
False
Is 124 a factor of 5332?
True
Is 16 a factor of 146?
False
Is 9 a factor of 1135?
False
Is 4 a factor of 50?
False
Does 10 divide 3392?
False
Is 91 a factor of 33997?
False
Is 2661 a multiple of 111?
False
Is 7195 a multiple of 3?
False
Is 15 a factor of 633?
False
Does 8 divide 56?
True
Is 2954 a multiple of 42?
False
Does 76 divide 5852?
True
Does 19 divide 514?
False
Is 12 a factor of 3133?
False
Is 1165 a multiple of 5?
True
Is 1760 a multiple of 80?
True
Is 128 a multiple of 11?
False
Does 106 divide 1239?
False
Does 16 divide 120956?
False
Does 11 divide 1594?
False
Does 8 divide 5495?
False
Is 77 a factor of 9586?
False
Is 1167 a multiple of 16?
False
Is 97 a factor of 16781?
True
Is 4 a factor of 4?
True
Is 41 a factor of 885?
False
Does 260 divide 10464?
False
Does 25 divide 1330?
False
Is 14 a factor of 204?
False
Is 70573 a multiple of 40?
False
Is 7 a factor of 1631?
True
Does 10 divide 4720?
True
Does 9 divide 258?
False
Does 96 divide 9497?
False
Is 48 a factor of 3033?
False
Does 19 divide 1501?
True
Is 376 a multiple of 4?
True
Does 51 divide 57936?
True
Does 11 divide 234?
False
Is 44 a factor of 1223?
False
Is 177 a factor of 29764?
False
Is 3584 a multiple of 14?
True
Does 109 divide 15369?
True
Is 30 a factor of 1014?
False
Does 80 divide 5926?
False
Is 49171 a multiple of 44?
False
Does 6 divide 132?
True
Is 1618 a multiple of 14?
False
Is 19 a factor of 977?
False
Does 26 divide 910?
True
Does 9 divide 5376?
False
Is 5339 a multiple of 19?
True
Is 24 a factor of 86?
False
Is 19 a factor of 4351?
True
Is 16 a factor of 144?
True
Is 3 a factor of 9183?
True
Is 16150 a multiple of 25?
True
Is 1778 a multiple of 20?
False
Does 12 divide 661?
False
Is 156 a factor of 8580?
True
Is 5050 even?
True
Is 173 a factor of 19559?
False
Does 36 divide 180?
True